{"id":56,"date":"2016-06-21T11:08:06","date_gmt":"2016-06-21T09:08:06","guid":{"rendered":"http:\/\/www2.museodiocesanovicenza.it\/it\/?page_id=56"},"modified":"2016-07-06T14:52:06","modified_gmt":"2016-07-06T12:52:06","slug":"aiuta-il-museo","status":"publish","type":"page","link":"http:\/\/www2.museodiocesanovicenza.it\/it\/museo\/aiuta-il-museo\/","title":{"rendered":"Aiuta il museo"},"content":{"rendered":"<div class=\"two-columns-one\">\n<strong>Donare fa bene!<\/strong><br \/>\nIl Museo \u00e8 un luogo vitale e ospitale e le iniziative, le mostre, le visite per le scuole lo migliorano rendendolo un bene comune, promuovendo e diffondendo la conoscenza nel presente e per le future generazioni.<\/p>\n<p>La responsabilit\u00e0 che ognuno di noi ha verso la cultura, o il dovere di far si che un quadro, un mobile di pregio, un oggetto che possediamo sia tramandato e conservato correttamente, pu\u00f2 avere un\u2019importanza fondamentale per la memoria collettiva.<\/p>\n<p>I lasciti testamentari hanno per il Museo Diocesano di Vicenza una grande importanza per offrire ai giovani, agli studiosi, agli estimatori e, perch\u00e9 no, ai curiosi di natura, la possibilit\u00e0 di alimentare la propria conoscenza e la percezione, che intorno al Museo esistono persone capaci di donare al prossimo per amore della cultura.<\/p>\n<\/div>\n<div class=\"two-columns-one last\">\nGi\u00e0 molti donatori hanno creduto di perpetuare la memoria di s\u00e9 o di un proprio caro compiendo un gesto efficace finanziando i restauri di oggetti d\u2019interesse storico-artistico, scegliendo il Museo Diocesano come custodia dei propri beni. \u00c8 nostra premura dare risalto e visibilit\u00e0 a questi gesti, che garantiranno nel tempo, un manufatto che diventa bene di tutta la comunit\u00e0.<\/p>\n<p>Una cifra anche di 1000 euro, lasciata per iscritto a una istituzione culturale in vista della propria dipartita, pu\u00f2 significare molto per un Museo come il nostro che quotidianamente affronta le difficolt\u00e0 di conservare e promuovere la memoria della vita artistica, della storia locale, della fede e della Chiesa vicentina, con impegno e dedizione per la cultura.<\/p>\n<p>Un motto del poeta Gabriele D\u2019Annunzio pu\u00f2 definire con maggiore incidenza quanto fin qui scritto: \u201cIo ho quel che ho donato\u201d.\n<\/p><\/div>\n<div class=\"divider\"><\/div>\n","protected":false},"excerpt":{"rendered":"<p>Donare fa bene! Il Museo \u00e8 un luogo vitale e ospitale e le iniziative, le mostre, le visite per le scuole lo migliorano rendendolo un bene comune, promuovendo e diffondendo la conoscenza nel presente e per le future generazioni. La responsabilit\u00e0 che ognuno di noi<\/p>\n<a class=\"more-link\" href=\"http:\/\/www2.museodiocesanovicenza.it\/it\/museo\/aiuta-il-museo\/\">Leggi tutto<\/a>","protected":false},"author":1,"featured_media":0,"parent":14,"menu_order":0,"comment_status":"closed","ping_status":"closed","template":"","meta":{"extendify_custom_stylesheet":"","spay_email":""},"jetpack_sharing_enabled":true,"jetpack_shortlink":"https:\/\/wp.me\/P7CokG-U","_links":{"self":[{"href":"http:\/\/www2.museodiocesanovicenza.it\/it\/wp-json\/wp\/v2\/pages\/56"}],"collection":[{"href":"http:\/\/www2.museodiocesanovicenza.it\/it\/wp-json\/wp\/v2\/pages"}],"about":[{"href":"http:\/\/www2.museodiocesanovicenza.it\/it\/wp-json\/wp\/v2\/types\/page"}],"author":[{"embeddable":true,"href":"http:\/\/www2.museodiocesanovicenza.it\/it\/wp-json\/wp\/v2\/users\/1"}],"replies":[{"embeddable":true,"href":"http:\/\/www2.museodiocesanovicenza.it\/it\/wp-json\/wp\/v2\/comments?post=56"}],"version-history":[{"count":5,"href":"http:\/\/www2.museodiocesanovicenza.it\/it\/wp-json\/wp\/v2\/pages\/56\/revisions"}],"predecessor-version":[{"id":225,"href":"http:\/\/www2.museodiocesanovicenza.it\/it\/wp-json\/wp\/v2\/pages\/56\/revisions\/225"}],"up":[{"embeddable":true,"href":"http:\/\/www2.museodiocesanovicenza.it\/it\/wp-json\/wp\/v2\/pages\/14"}],"wp:attachment":[{"href":"http:\/\/www2.museodiocesanovicenza.it\/it\/wp-json\/wp\/v2\/media?parent=56"}],"curies":[{"name":"wp","href":"https:\/\/api.w.org\/{rel}","templated":true}]}}

<div class="two-columns-one">
<strong>Donare fa bene!</strong><br />
Il Museo è un luogo vitale e ospitale e le iniziative, le mostre, le visite per le scuole lo migliorano rendendolo un bene comune, promuovendo e diffondendo la conoscenza nel presente e per le future generazioni.</p>
<p>La responsabilità che ognuno di noi ha verso la cultura, o il dovere di far si che un quadro, un mobile di pregio, un oggetto che possediamo sia tramandato e conservato correttamente, può avere un’importanza fondamentale per la memoria collettiva.</p>
<p>I lasciti testamentari hanno per il Museo Diocesano di Vicenza una grande importanza per offrire ai giovani, agli studiosi, agli estimatori e, perché no, ai curiosi di natura, la possibilità di alimentare la propria conoscenza e la percezione, che intorno al Museo esistono persone capaci di donare al prossimo per amore della cultura.</p>
</div>
<div class="two-columns-one last">
Già molti donatori hanno creduto di perpetuare la memoria di sé o di un proprio caro compiendo un gesto efficace finanziando i restauri di oggetti d’interesse storico-artistico, scegliendo il Museo Diocesano come custodia dei propri beni. È nostra premura dare risalto e visibilità a questi gesti, che garantiranno nel tempo, un manufatto che diventa bene di tutta la comunità.</p>
<p>Una cifra anche di 1000 euro, lasciata per iscritto a una istituzione culturale in vista della propria dipartita, può significare molto per un Museo come il nostro che quotidianamente affronta le difficoltà di conservare e promuovere la memoria della vita artistica, della storia locale, della fede e della Chiesa vicentina, con impegno e dedizione per la cultura.</p>
<p>Un motto del poeta Gabriele D’Annunzio può definire con maggiore incidenza quanto fin qui scritto: “Io ho quel che ho donato”.
</p></div>
<div class="divider"></div>

<p>Donare fa bene! Il Museo è un luogo vitale e ospitale e le iniziative, le mostre, le visite per le scuole lo migliorano rendendolo un bene comune, promuovendo e diffondendo la conoscenza nel presente e per le future generazioni. La responsabilità che ognuno di noi</p>
<a class="more-link" href="http://www2.museodiocesanovicenza.it/it/museo/aiuta-il-museo/">Leggi tutto</a>
